).
137
Let q(g) = 4*g**2 + g + 7. What are the prime factors of q(-7)?
2, 7
Let j = 4 - 2. Suppose -23 - 9 = -j*k - 5*f, -k + f = -2. What are the prime factors of k?
2, 3
Let z = -26 + 18. Let p(t) = t**2 + 8*t. Let h be p(z). Suppose -k - 2*k + 51 = h. List the prime factors of k.
17
Let i(u) = -8*u**3 - 2*u**2 - u. Suppose 4*d + 65 = 25. Let p be (-2)/6 + d/15. What are the prime factors of i(p)?
7
Suppose -58 = -2*u - 5*y, -y = -0*u - 2*u + 70. What are the prime factors of u?
2, 17
Let a = 269 - 161. List the prime factors of a.
2, 3
Let z(m) be the second derivative of -m**5/20 - m**4/6 + m**3 + 3*m**2 - 3*m. What are the prime factors of z(-4)?
2, 7
Let m(t) = 5*t + 1. Let h be m(1). Suppose -h*b + 24 = -2*b - a, -a = -b + 6. List the prime factors of b.
2, 3
Suppose -4*o + 20 = 2*y, 2*y - 12 = -o - 4. Let d = o + -2. What are the prime factors of d?
2
Let a(b) = 10*b**2 - 2*b + 4. What are the prime factors of a(-3)?
2, 5
Let f = 228 - 152. List the prime factors of f.
2, 19
Let k be (-32)/(-14) - 4/14. Let q(r) = -7*r**2 - 5*r - 4. Let x(b) = 3*b**2 + 2*b + 2. Let n(l) = k*q(l) + 5*x(l). What are the prime factors of n(3)?
11
Let k = -16 + 20. Suppose -21 = -2*i - i. Let g = k + i. List the prime factors of g.
11
Let a = -24 - -12. Let k be (-442)/a - (-2)/12. Suppose 4*m + 17 = -y + 64, 2*m + 5*y - k = 0. What are the prime factors of m?
11
Let v(f) = -f**3 + 12*f**2 - 28*f + 13. What are the prime factors of v(6)?
61
List the prime factors of 33/(9/(-4) - -3).
2, 11
Let l be 4/1 - 2/(-2). Suppose 11 = l*w - 14. List the prime factors of w.
5
Let k(t) = -t**3 + 3*t**2 + 4*t - 3. Suppose 2*a - 2*r - 8 = -2*a, 0 = -4*a - 5*r + 8. Let x = 5 - a. List the prime factors of k(x).
3
Let u(q) = 4*q**3 - 8*q**2 + 2*q - 8. Let i(v) = 9*v**3 - 16*v**2 + 5*v - 17. Let p(c) = 3*i(c) - 7*u(c). What are the prime factors of p(8)?
13
Let s = -14 - -17. Suppose 0 = s*p - p - 3*g - 52, 4*p = 4*g + 104. What are the prime factors of p?
2, 13
Let p(h) = -2*h - 3 - 7 + 2*h + h. Let u be p(7). List the prime factors of -1 + 0 - u/1.
2
List the prime factors of (-4)/14 - 2164/(-28).
7, 11
Suppose -14 = 5*a + 1. What are the prime factors of (-18)/a - 3 - -5?
2
Suppose 8*y - 12*y = -20. Let m(q) = -q**2 + 7*q - 2. Let v be m(5). Let j = v - y. What are the prime factors of j?
3
Suppose 3*w + u - 4 = 0, 2*w = -u - 0 + 3. What are the prime factors of (-1 - (7 - w))*-1?
7
List the prime factors of 132/2*(3 - (-20)/(-12)).
2, 11
Let l = 2 + -9. Let m = 82 - l. Suppose -x + 36 = 2*w, 8*w = 3*w - 2*x + m. What are the prime factors of w?
17
Suppose 0 = 3*z + 6, -3*v - z + 129 = -37. List the prime factors of v.
2, 7
Suppose 25 = 5*s, -6*z + 4*z + 38 = 4*s. List the prime factors of z.
3
Suppose 5*g = 4*g + 14. What are the prime factors of g/(-77) - (-378)/22?
17
Let r(b) = 3*b**2 + 5*b + 11. List the prime factors of r(-5).
61
Let h(o) = 8*o**2 - 5*o - 4. Let x be h(-3). Let l = -53 + x. What are the prime factors of l?
2, 3, 5
Suppose -3*b = 2*b. Suppose -4*c = -20 - b, 5*n - 5*c - 40 = 0. List the prime factors of n.
13
Let f = 286 + -204. Suppose -22 = 4*v - f. What are the prime factors of v?
3, 5
Let h(f) = 11*f + 105. What are the prime factors of h(8)?
193
Let p = 26 + -13. What are the prime factors of p?
13
Let b be 12/((-8)/(-2)) + -3. Suppose -2*m - 11 = -q, b*q - m = -q + 13. What are the prime factors of q?
3, 5
Let a = 1 + 10. Let g = a - -4. What are the prime factors of g?
3, 5
Suppose -3*h = 5*t - 66, 4*t + 2*h = -t + 64. What are the prime factors of t?
2, 3
Let u be ((-15)/(-12))/(2/8). Suppose 2*c - 7*f + 3*f - 38 = 0, -u*f = -4*c + 64. Suppose 9 + c = 4*d. What are the prime factors of d?
5
Let y(a) = 2*a**3 - 8*a**2 + 7*a - 4. Let s be y(6). Let u be s/10 + 2/(-10). Let w = u - 11. What are the prime factors of w?
7
Let y = 113 - 71. Suppose 4*g = y - 2. Suppose 0 = 2*b - 12 - g. List the prime factors of b.
11
Let g be 2/(-5)*(8 + -3). Let v be (g/7)/((-1)/7). Suppose v*k + 5 - 3 = h, h - 4*k = -6. What are the prime factors of h?
2, 5
Let j = -17 + 3. Let u be (2 - (0 + 0)) + j. What are the prime factors of (-4)/6*u + -2?
2, 3
Let q = 26 + -14. What are the prime factors of q?
2, 3
List the prime factors of (-7)/(4/124*-1).
7, 31
Suppose -k = 3*k - 16. Suppose k*t = t + 18. Let y = 10 - t. List the prime factors of y.
2
Suppose -3*a - 250 = -5*m, -2*m + 2*a + 100 = -3*a. Suppose 51 = g + g - 5*h, 0 = -5*g - 3*h + m. List the prime factors of g.
13
Let k = 13 + 37. List the prime factors of k.
2, 5
Let o be ((-7)/(-14))/(1/(-12)). List the prime factors of 8/6 - o/9.
2
Let n(a) = 4*a**2 - 3*a**2 + a - 3*a + 3. List the prime factors of n(4).
11
Suppose -4*f = -4*z + 48, 5*z + 42 = -3*f + 142. List the prime factors of z.
17
Let o be 8 - 3 - (0 + 0). Suppose i + 3 = 3*v, v = o*i - v + 2. Suppose 4*p + 3*t + 1 = 4, -2*p + 5*t + 21 = i. What are the prime factors of p?
3
Let o = 81 + -12. What are the prime factors of o?
3, 23
Suppose -o - 5*o = -288. List the prime factors of o.
2, 3
Suppose 5*m = -25, -5*m - 9 - 19 = -r. Suppose q = -r*c, 6 = 3*q + 3*c - 18. What are the prime factors of q?
2, 3
What are the prime factors of 90/(4 + -1) + 0?
2, 3, 5
Suppose 0 = -3*h + 16 + 77. What are the prime factors of h?
31
Let l be 5/(20/(-26))*-18. Suppose 0*s - 3*s + l = 0. What are the prime factors of s?
3, 13
Suppose -4*r - f - 8 = -6*r, 0 = -2*f. Suppose 0 = -r*k + 5*q, -4*k + 3*q = -q. Suppose k = -0*g - g + 8. What are the prime factors of g?
2
Let j(u) be the second derivative of u**4/6 - u**3 - 5*u**2/2 + 4*u. What are the prime factors of j(6)?
31
Let y(o) be the third derivative of -o**4/24 - o**3/6 - o**2. Suppose 31 = -2*i + 23. List the prime factors of y(i).
3
Suppose -7 + 31 = 3*d. List the prime factors of d.
2
Let x(a) = -a**2 + 7*a + 4. Let y be x(6). Let j = 13 - y. List the prime factors of j.
3
Let p(h) = 0*h + 2*h**2 - 1 + h**2 - 5*h**2 - 2*h. Let w be p(3). What are the prime factors of w/(-4) + 2/(-8)?
2, 3
Let j(a) = -5*a**2 - 2*a + 2 + 3 + a**3 + 3*a. Let w be j(5). Let c(y) = y**2 - 8*y - 5. What are the prime factors of c(w)?
3, 5
Let s = 45 - -7. List the prime factors of s.
2, 13
Let q(m) = m. Let u be q(2). Suppose 6*w - 24 = u*w. What are the prime factors of w?
2, 3
Let p(s) = -s - 1. Let o be p(2). Suppose -d - 9 = -2. Let u = o - d. What are the prime factors of u?
2
Let b = 15 - -6. What are the prime factors of b?
3, 7
Let b = -8 - -6. List the prime factors of (b/(-4))/((-8)/(-464)).
29
Let k = 47 - -21. What are the prime factors of k?
2, 17
List the prime factors of (3 - -39)/(65/10 + -5).
2, 7
Suppose f - 5*n - 111 = 0, -2*f - 3*n = -3*f + 103. What are the prime factors of f?
7, 13
Let p(k) = 11*k**3 + k**2 - 2*k + 1. List the prime factors of p(1).
11
Let n(l) = -l**2 + 7*l - 2. Let b be n(6). Suppose -b*q - 2*w + 22 = 0, 5*w = 4*q - 1 - 14. What are the prime factors of q?
5
Let d = 20 - -8. Let v(r) = -2*r + 17. Let l be v(6). Suppose -d = -3*w + l*m - 0*m, 36 = 3*w + 3*m. What are the prime factors of w?
11
Let c = 45 + 0. What are the prime factors of c?
3, 5
Let k(w) = -w + 66. What are the prime factors of k(0)?
2, 3, 11
Let w(o) = 75*o - 60. What are the prime factors of w(4)?
2, 3, 5
Let j = 10 + -3. Let q = 21 - j. Suppose -q = -4*w + 18. List the prime factors of w.
2
Suppose 2*b + 4 = -2*v, 0 = 2*b + 5*v + 19 - 3. Suppose 0 = -5*i + i - 4, -f = b*i - 8. List the prime factors of f.
2, 5
Let t = -21 + 30. Let x(q) = q**3 - 9*q**2 + q - 5. List the prime factors of x(t).
2
Let n(h) = 19*h + 67. List the prime factors of n(12).
5, 59
Let z(k) = -k - 5. What are the prime factors of z(-9)?
2
Suppose 0 = 5*k + 3*s - 310, 5*k - 7*k - 3*s + 124 = 0. What are the prime factors of k?
2, 31
Suppose f + 2*f + 18 = 0. Let w be (0 - f)*3/6. Suppose -w*j + 34 - 7 = 0. What are the prime factors of j?
3
Let n = 12 + -20. Let o(t) = -t - 24. Let l be o(0). Let r = n - l. List the prime factors of r.
2
Let v(l) = 4*l**2 - l + 11. What are the prime factors of v(6)?
149
Let s be (6/15)/((-1)/5). Let o = -1 - s. What are the prime factors of (o + (-33)/6)*-2?
3
Let o(d) = -d**3 - 4*d**2 + 10*d + 12. List the prime factors of o(-6).
2, 3
Let f(n) = 5*n + 1. What are the prime factors of f(2)?
11
Let y = 11 + 